9
What is the remainder when 42 is divided by 5?
2
Calculate the remainder when 1631 is divided by 71.
69
Calculate the remainder when 53 is divided by 6.
5
What is the remainder when 117497 is divided by 20?
17
Calculate the remainder when 760 is divided by 86.
72
Calculate the remainder when 404 is divided by 49.
12
Calculate the remainder when 1547 is divided by 2.
1
Calculate the remainder when 2135 is divided by 423.
20
Calculate the remainder when 50 is divided by 17.
16
What is the remainder when 2395 is divided by 789?
28
What is the remainder when 1167 is divided by 45?
42
Calculate the remainder when 143 is divided by 39.
26
Calculate the remainder when 129 is divided by 68.
61
Calculate the remainder when 90 is divided by 24.
18
What is the remainder when 463 is divided by 222?
19
Calculate the remainder when 120 is divided by 18.
12
What is the remainder when 1581 is divided by 299?
86
What is the remainder when 348 is divided by 10?
8
Calculate the remainder when 281 is divided by 41.
35
What is the remainder when 1008 is divided by 35?
28
Calculate the remainder when 186 is divided by 71.
44
What is the remainder when 1496 is divided by 259?
201
Calculate the remainder when 50 is divided by 28.
22
Calculate the remainder when 4300 is divided by 165.
10
Calculate the remainder when 16 is divided by 8.
0
What is the remainder when 425 is divided by 48?
41
Calculate the remainder when 340 is divided by 18.
16
Calculate the remainder when 687 is divided by 16.
15
What is the remainder when 425 is divided by 27?
20
Calculate the remainder when 11 is divided by 4.
3
What is the remainder when 290 is divided by 42?
38
What is the remainder when 74 is divided by 43?
31
What is the remainder when 144 is divided by 57?
30
What is the remainder when 1039 is divided by 120?
79
Calculate the remainder when 4273 is divided by 9.
7
What is the remainder when 3493 is divided by 100?
93
Calculate the remainder when 5863 is divided by 51.
49
Calculate the remainder when 312 is divided by 5.
2
Calculate the remainder when 338 is divided by 85.
83
What is the remainder when 14 is divided by 6?
2
Calculate the remainder when 3229 is divided by 1073.
10
Calculate the remainder when 5567 is divided by 64.
63
Calculate the remainder when 3552 is divided by 45.
42
What is the remainder when 54 is divided by 28?
26
What is the remainder when 1096 is divided by 273?
4
What is the remainder when 838 is divided by 213?
199
What is the remainder when 223 is divided by 45?
43
Calculate the remainder when 220 is divided by 32.
28
Calculate the remainder when 689 is divided by 69.
68
What is the remainder when 128 is divided by 5?
3
What is the remainder when 30 is divided by 14?
2
Calculate the remainder when 400 is divided by 104.
88
What is the remainder when 1199 is divided by 100?
99
Calculate the remainder when 63 is divided by 5.
3
Calculate the remainder when 2889 is divided by 12.
9
What is the remainder when 807 is divided by 30?
27
Calculate the remainder when 620 is divided by 305.
10
Calculate the remainder when 672 is divided by 223.
3
Calculate the remainder when 2614 is divided by 35.
24
Calculate the remainder when 50 is divided by 21.
8
Calculate the remainder when 65 is divided by 12.
5
Calculate the remainder when 196 is divided by 40.
36
What is the remainder when 291 is divided by 274?
17
Calculate the remainder when 260 is divided by 45.
35
Calculate the remainder when 2786 is divided by 68.
66
Calculate the remainder when 2345 is divided by 15.
5
What is the remainder when 13480 is divided by 13?
12
What is the remainder when 891 is divided by 24?
3
Calculate the remainder when 121 is divided by 17.
2
What is the remainder when 350 is divided by 91?
77
Calculate the remainder when 596 is divided by 208.
180
Calculate the remainder when 412 is divided by 124.
40
What is the remainder when 208 is divided by 55?
43
Calculate the remainder when 32 is divided by 5.
2
What is the remainder when 231 is divided by 115?
1
What is the remainder when 142 is divided by 81?
61
Calculate the remainder when 415 is divided by 209.
206
What is the remainder when 11318 is divided by 147?
146
What is the remainder when 12472 is divided by 40?
32
What is the remainder when 559 is divided by 141?
136
Calculate the remainder when 1566 is divided by 112.
110
Calculate the remainder when 750 is divided by 17.
2
Calculate the remainder when 304 is divided by 17.
15
What is the remainder when 159 is divided by 152?
7
What is the remainder when 53 is divided by 11?
9
What is the remainder when 223 is divided by 11?
3
What is the remainder when 317 is divided by 40?
37
What is the remainder when 2874 is divided by 60?
54
What is the remainder when 8359 is divided by 95?
94
What is the remainder when 227 is divided by 38?
37
Calculate the remainder when 641 is divided by 5.
1
What is the remainder when 72 is divided by 8?
0
What is the remainder when 136 is divided by 22?
4
What is the remainder when 67 is divided by 38?
29
What is the remainder when 1895 is divided by 95?
90
What is the remainder when 140 is divided by 40?
20
Calculate the remainder when 12810 is divided by 11.
6
What is the remainder when 156 is divided by 53?
50
Calculate the remainder when 3616 is divided by 54.
52
What is the remainder when 4087 is divided by 72?
55
What is the remainder when 45 is divided by 39?
6
Calculate the remainder when 213 is divided by 108.
105
What is the remainder when 101 is divided by 21?
17
Calculate the remainder when 34 is divided by 17.
0
Calculate the remainder when 2129 is divided by 1044.
41
Calculate the remainder when 20115 is divided by 188.
187
Calculate the remainder when 13 is divided by 6.
1
Calculate the remainder when 233 is divided by 4.
1
Calculate the remainder when 3228 is divided by 7.
1
Calculate the remainder when 50 is divided by 17.
16
Calculate the remainder when 1603 is divided by 62.
53
What is the remainder when 239 is divided by 21?
8
Calculate the remainder when 69 is divided by 49.
20
Calculate the remainder when 81 is divided by 36.
9
What is the remainder when 458 is divided by 52?
42
What is the remainder when 212 is divided by 73?
66
Calculate the remainder when 59 is divided by 54.
5
Calculate the remainder when 58 is divided by 34.
24
What is the remainder when 74 is divided by 40?
34
What is the remainder when 586 is divided by 84?
82
What is the remainder when 374 is divided by 43?
30
What is the remainder when 732 is divided by 182?
4
What is the remainder when 1445 is divided by 21?
17
Calculate the remainder when 1803 is divided by 10.
3
What is the remainder when 32 is divided by 31?
1
Calculate the remainder when 1102 is divided by 269.
26
Calculate the remainder when 235 is divided by 24.
19
Calculate the remainder when 1343 is divided by 46.
9
Calculate the remainder when 3826 is divided by 58.
56
What is the remainder when 59 is divided by 39?
20
What is the remainder when 3464 is divided by 55?
54
What is the remainder when 609 is divided by 13?
11
Calculate the remainder when 218 is divided by 163.
55
What is the remainder when 110 is divided by 3?
2
Calculate the remainder when 5281 is divided by 19.
18
What is the remainder when 192 is divided by 60?
12
Calculate the remainder when 924 is divided by 291.
51
Calculate the remainder when 67 is divided by 18.
13
What is the remainder when 250 is divided by 21?
19
What is the remainder when 35 is divided by 16?
3
Calculate the remainder when 5855 is divided by 1169.
10
Calculate the remainder when 439 is divided by 55.
54
What is the remainder when 191 is divided by 8?
7
Calculate the remainder when 756 is divided by 251.
3
What is the remainder when 580 is divided by 7?
6
What is the remainder when 55 is divided by 3?
1
Calculate the remainder when 225 is divided by 30.
15
What is the remainder when 599 is divided by 65?
14
Calculate the remainder when 168 is divided by 13.
12
What is the remainder when 91 is divided by 16?
11
What is the remainder when 389 is divided by 190?
9
What is the remainder when 133 is divided by 27?
25
What is the remainder when 1258 is divided by 27?
16
Calculate the remainder when 250 is divided by 63.
61
Calculate the remainder when 